4*j - 0*j. Calculate the remainder when (1/7)/(11/f) is divided by b(-2).
2
Suppose -3*p = -8 - 4. Let v(c) be the second derivative of c**4/12 - 5*c**3/6 - 83*c**2/2 + 7*c + 10. What is the remainder when p is divided by v(-7)?
0
Suppose 0 = -v - 2, -14*l + 13*l = 2*v - 6211. What is the remainder when l is divided by 259?
258
Let g(o) = -7*o + 99. Let h be g(-19). Suppose 0*u + 5*u = -y + 236, -5*u + h = 2*y. Calculate the remainder when 383 is divided by u.
47
Let z(q) = q**3 + 13*q**2 + 11*q + 1. Let w = -96 + 100. Suppose w*t = 0, 2*t - 84 = 16*s - 20*s. What is the remainder when s is divided by z(-12)?
8
Let f = -8086 + 8339. What is the remainder when f is divided by 57?
25
Suppose -3*b + 2*j = -161, 4*j = 3*b - 8*b + 283. Calculate the remainder when 50 is divided by (444/30)/(22/b).
13
Let o(f) = -141*f + 252. What is the remainder when 424 is divided by o(1)?
91
Suppose 14064 + 480 = -48*a. Let l = a - -323. Calculate the remainder when 50 is divided by l.
10
Suppose 2*b + 5 - 27 = 0. Let c(l) = 8*l + 11. Suppose -2*q - 5*z = -8, -22*q + 5*z = -25*q + 12. What is the remainder when c(q) is divided by b?
10
Suppose -12*u + 13284 = 12*u - 4836. What is the remainder when u is divided by 21?
20
Let t be (-40)/(-12) - (-4 + 26/6). Suppose 0 = 5*f - 7*f - 4*p + 820, -5*f = -t*p - 2102. Calculate the remainder when f is divided by 20.
18
Let n(g) = 146*g - 5591. What is the remainder when n(49) is divided by 72?
51
Let o be (-6)/(-1*(-2 - -3)) - 4. Suppose 0 = -b + 2*b + 3*w - 5, -5 = -o*b - w. Calculate the remainder when 88 is divided by 16 + b + (1 - (1 - 1)).
12
Suppose 2106*i = -4*n + 2105*i + 10483, 2*n - 5*i = 5269. Calculate the remainder when 2630 is divided by n.
8
Let p(k) = -2*k - 9. Let a be p(-6). Suppose 15 - a = 2*l. Let i(x) = 42*x - 233. Calculate the remainder when i(6) is divided by l.
1
Let l be (-3)/(-15) - 14/(-5). What is the remainder when (4 - -1 - 2)*l is divided by 1426/368 - 3/(-24)?
1
Suppose -32*q + 42*q = 160. What is the remainder when 97 is divided by -11 + q - (-30 + 0)?
27
Calculate the remainder when 3*(1 + 0) + (17 - (-1500 - 15)) is divided by 24.
23
Let m(h) = h**2 + h - 7. Suppose -30 = -2*g - j, -36*g - 5*j = -37*g + 59. Calculate the remainder when m(-7) is divided by g.
16
Let t = -26 - -123. Let k = -6 + 22. What is the remainder when t is divided by 132/(-9)*(-36)/k?
31
Suppose 12*c - 1940 = 2*c. Let x(o) = c*o + 1 - 185*o - 6. Calculate the remainder when x(3) is divided by 14.
8
Let k = -687 - -1144. Calculate the remainder when k is divided by 29.
22
Let t(j) = -13*j**3 + 3*j**2 + j - 1. Let w(b) = 17*b - 103. Let l be w(6). Let f = 50 + -24. Calculate the remainder when f is divided by t(l).
12
Let p(n) = -n**3 - 2*n**2 + 39*n + 133. Calculate the remainder when p(-10) is divided by 79.
69
Suppose 3*k = 8*t + 3531, t + 5848 = 3*k + 2*k. Calculate the remainder when 4686 is divided by k.
10
Let c = -36 + 42. Suppose -c*j + 3*j - 4*a = 48, 33 = -4*j + 5*a. Calculate the remainder when 46 is divided by (-8)/j*-6 - -16.
10
Let i be (8698 - -12) + (-2 - 2). Suppose 0 = 14*j - i + 2434. Calculate the remainder when j is divided by 50.
48
Suppose -11*o + 99 = -8*o. Calculate the remainder when (-2572)/(-32) + 27/(-72) is divided by (2 + o)*(-8)/(-10).
24
Let p(g) = -2*g**2 - 52*g - 33. Let b be p(-25). Let l(z) = -z**3 + 19*z**2 - 28*z - 14. What is the remainder when l(b) is divided by 9?
7
Calculate the remainder when (4194/(-8))/((-4)/(-3) + (-984)/576) is divided by 448.
54
Suppose -50*s - 400 + 2850 = 0. Calculate the remainder when 1612 is divided by s.
44
Let g = -8 - -10. Suppose -502 = -g*o - 0*o. Suppose 3*q - 8*q - 4*t = -o, 82 = 2*q - 3*t. Calculate the remainder when q is divided by 25.
22
Let h(x) = -417*x + 2168. What is the remainder when 745 is divided by h(5)?
81
Let o(f) = -10*f**2 + 1790*f + 232. What is the remainder when 3011 is divided by o(179)?
227
Suppose 77*d = -111*d + 109518 + 316678. What is the remainder when d is divided by 21?
20
Let c = 16032 - 14467. What is the remainder when c is divided by 521?
2
Let y be (-2)/(-5 + 6/18*13). Suppose 0 = -2*r + 2*p + 68, -2*r - y*p + 42 = -26. Calculate the remainder when r is divided by 8.
2
Let l(u) = -u**2 + 24*u - 37. Let c be l(21). Suppose -c = -w - 5*s, -5*w - 3*s = 16 - 58. What is the remainder when 33 is divided by w?
3
Suppose 4*j - 6*j + 774 = 0. Suppose 5*l = -4*v - 0*v + j, v - 90 = l. Let f = v + -64. Calculate the remainder when f is divided by 17.
12
Let r = -120 + 119. What is the remainder when 11 is divided by ((-25)/35 - r) + 141/21?
4
Let t(m) be the third derivative of 53*m**6/120 - m**5/60 + m**4/12 - m**3/3 + 9*m**2 + 1. Calculate the remainder when 100 is divided by t(1).
48
Suppose -18 + 60 = 7*x. Suppose 0*s + 3*s - x = 0. Suppose -l + 369 = s*b, -b + l + 180 = -0*b. Calculate the remainder when b is divided by 37.
35
Let x = 24 - -22. Calculate the remainder when x is divided by 11 + (-38)/9 + 2/9.
4
Let c = 168 + 136. Let h = 317 - c. What is the remainder when 89 is divided by h?
11
Let w(d) = 43*d + 716. Calculate the remainder when w(-12) is divided by 86.
28
Let p(m) = -3*m - 4. Let g = 576 - 401. What is the remainder when g is divided by p(-6)?
7
Let m = 20864 - 20470. Calculate the remainder when m is divided by 157.
80
What is the remainder when 760 is divided by ((-429)/78)/((-3)/60)?
100
Suppose -8*t = -11*t + 222. Suppose u - 61 - t = 0. Suppose 4*g - 172 = -4*s, -33 = -4*g - 3*s + u. What is the remainder when g is divided by 14?
11
Let v(t) = t**2 - 6*t. Let n = 38 + -32. Let z be v(n). Suppose -q + 89 + 9 = z. What is the remainder when q is divided by 33?
32
Let h(i) = i**2 + 4*i + 6. Let k be h(-2). Let q be (412 - -5)*(k/6 - 0). Let s = q - 99. Calculate the remainder when s is divided by 21.
19
Let f(r) = -r**3 + 20*r**2 + 82*r - 4. Calculate the remainder when f(-6) is divided by 23.
3
Let z be ((-52)/5)/(36/(-4320)). Let k be (1 - (-4)/(-2)) + 3. Calculate the remainder when 36 is divided by (0 - k/11) + z/88.
8
Let m(u) = -5 - 1 - 4*u + 1 + 2. Let v be m(5). Calculate the remainder when v*1*(-2 - -1) is divided by 9.
5
Let c be (64/(-40))/((-2)/(-5)). Calculate the remainder when 89 is divided by (-2 - (c + 6)) + -2 + 21.
14
Let x(t) = 6*t**3 + 2*t**2 - 8*t - 42. What is the remainder when x(5) is divided by 354?
10
Suppose -h - 1 = 0, -23*q + 22*q + 85 = h. Calculate the remainder when q is divided by 26.
8
Suppose 24*k - 37*k = 39. Let h = k + 15. Calculate the remainder when 14 is divided by h.
2
Suppose 140 + 132 = 2*x. Calculate the remainder when x is divided by 3*46/4*(-20)/(-15).
44
Let x(c) = -466*c + 586. What is the remainder when x(-4) is divided by 43?
42
Suppose 2*d + 0 - 510 = 0. Suppose -d = 23*y - 1106. What is the remainder when 5/(-2)*5140/(-50) is divided by y?
35
Let b(a) = 374*a**2 - 56*a + 58. Calculate the remainder when b(1) is divided by 73.
11
Let j be 3/((-12)/(-44)) - -4. Let d = 10 + j. Suppose -y = -d - 4. What is the remainder when y is divided by 8?
5
Let m(x) be the second derivative of -17*x**5/20 + 7*x**3/6 + 5*x**2/2 + 61*x. Calculate the remainder when m(-2) is divided by 34.
25
Suppose 0 = -9*g + 789 + 831. Calculate the remainder when g is divided by 9/(27/40)*(-60)/(-25).
20
Let y = 32 - 1. Let g(t) = t**2 + 23*t - 20. Let o be g(-24). Let z(v) = 12*v - 40. What is the remainder when y is divided by z(o)?
7
Suppose 43*i - 9*i - 473 = -9*i. What is the remainder when 1933 is divided by i?
8
Let f = -7734 + 7759. Calculate the remainder when 5697 is divided by f.
22
Suppose -2 = -4*g + 14, -5*i + g + 71 = 0. Let b(q) = -q**2 + 21*q - 68. What is the remainder when b(i) is divided by 6?
4
Suppose 0 = -286*l + 298*l - 816. Suppose 46 = m + m. Calculate the remainder when l is divided by m.
22
Let n(m) = 91*m**2 - 77*m + 283. Calculate the remainder when n(4) is divided by 7.
3
Suppose h = -487*k + 492*k - 464, k + 2*h = 106. Calculate the remainder when 1501 is divided by k.
91
Let d = -6069 + 6599. Calculate the remainder when 1593 is divided by d.
3
Let u(w) = -w**2 - 20*w - 117. Let j be u(-9). Let r(m) = 2*m**2 + 32*m - 8. Let n(s) = 5*s**2 + 3*s + 3. What is the remainder when r(j) is divided by n(-2)?
13
Suppose 4*o + 4*c + 0*c 